 7) in base 13?
-6
Convert 145 (base 6) to base 15.
45
Convert 25 (base 6) to base 16.
11
What is 21 (base 7) in base 3?
120
What is 4 (base 16) in base 7?
4
What is -12 (base 4) in base 8?
-6
What is -1 (base 6) in base 7?
-1
38 (base 13) to base 10
47
-15 (base 8) to base 13
-10
What is -11 (base 2) in base 8?
-3
What is 7 (base 11) in base 16?
7
What is 20 (base 3) in base 9?
6
Convert -26 (base 9) to base 12.
-20
-32 (base 13) to base 11
-38
What is -1000 (base 2) in base 3?
-22
10 (base 5) to base 8
5
-354 (base 6) to base 10
-142
323 (base 6) to base 3
11120
What is 27 (base 8) in base 10?
23
-26 (base 16) to base 13
-2c
What is 100 (base 5) in base 16?
19
What is 100 (base 4) in base 11?
15
-3 (base 4) to base 2
-11
Convert -1cc (base 13) to base 3.
-110111
What is -ab (base 12) in base 3?
-11212
Convert -102 (base 3) to base 14.
-b
-104 (base 7) to base 12
-45
-300 (base 10) to base 2
-100101100
Convert 4 (base 6) to base 7.
4
14 (base 11) to base 13
12
-41 (base 15) to base 4
-331
What is 2 (base 3) in base 7?
2
6 (base 16) to base 14
6
10 (base 2) to base 8
2
Convert -5 (base 6) to base 12.
-5
4 (base 9) to base 12
4
What is -10 (base 3) in base 14?
-3
Convert -203 (base 8) to base 15.
-8b
What is 0 (base 9) in base 16?
0
113 (base 9) to base 14
69
1100011 (base 2) to base 6
243
7 (base 8) to base 6
11
What is 6 (base 10) in base 16?
6
-a (base 12) to base 10
-10
-22 (base 5) to base 4
-30
24 (base 14) to base 12
28
Convert 3c (base 16) to base 8.
74
Convert 4a (base 15) to base 13.
55
Convert -313 (base 6) to base 4.
-1311
111 (base 2) to base 16
7
What is 22 (base 5) in base 16?
c
What is 4 (base 5) in base 8?
4
What is -100 (base 4) in base 11?
-15
Convert 2 (base 10) to base 2.
10
100 (base 3) to base 8
11
Convert -7c (base 16) to base 6.
-324
2 (base 4) to base 3
2
-253 (base 6) to base 10
-105
What is -12c (base 15) in base 3?
-100220
What is 172 (base 10) in base 9?
211
Convert b (base 12) to base 6.
15
Convert 0 (base 14) to base 12.
0
Convert -12 (base 7) to base 15.
-9
102 (base 3) to base 12
b
Convert -3 (base 9) to base 16.
-3
-1 (base 14) to base 9
-1
What is -3d (base 14) in base 6?
-131
-4 (base 9) to base 8
-4
-61 (base 11) to base 13
-52
What is -14 (base 13) in base 9?
-18
What is 4 (base 9) in base 15?
4
What is -33 (base 5) in base 14?
-14
65 (base 13) to base 9
102
What is -11 (base 10) in base 7?
-14
Convert 8 (base 13) to base 6.
12
215 (base 7) to base 4
1232
What is 3 (base 14) in base 2?
11
What is 110 (base 2) in base 8?
6
What is b9 (base 14) in base 6?
431
Convert 1 (base 11) to base 6.
1
-54 (base 9) to base 14
-37
What is -23 (base 6) in base 4?
-33
What is 110 (base 6) in base 3?
1120
Convert 7 (base 16) to base 14.
7
Convert 4 (base 10) to base 5.
4
Convert -100 (base 7) to base 13.
-3a
1 (base 5) to base 9
1
What is -6 (base 16) in base 2?
-110
Convert -20 (base 7) to base 5.
-24
-12 (base 16) to base 13
-15
What is -121 (base 3) in base 11?
-15
What is 2 (base 13) in base 7?
2
What is -22 (base 4) in base 14?
-a
-1 (base 9) to base 16
-1
What is 11 (base 2) in base 5?
3
What is -5 (base 8) in base 11?
-5
What is c (base 16) in base 13?
c
-33 (base 9) to base 16
-1e
Convert 8 (base 9) to base 2.
1000
Convert -9 (base 15) to base 16.
-9
What is -a (base 16) in base 4?
-22
Convert 1210 (base 3) to base 16.
30
-7 (base 10) to base 12
-7
Convert -1 (base 4) to base 15.
-1
What is 10110 (base 2) in base 9?
24
-e (base 16) to base 8
-16
-42 (base 8) to base 4
-202
0 (base 6) to base 3
0
6 (base 7) to base 14
6
What is 4 (base 10) in base 7?
4
-1 (base 3) to base 12
-1
What is -159 (base 12) in base 3?
-21220
8c (base 16) to base 7
260
-69 (base 11) to base 14
-55
Convert -3 (base 8) to base 15.
-3
Convert -22 (base 4) to base 11.
-a
62 (base 7) to base 2
101100
What is 2 (base 3) in base 8?
2
Convert 69 (base 13) to base 4.
1113
110 (base 3) to base 12
10
Convert -8 (base 9) to base 3.
-22
-28 (base 16) to base 3
-1111
What is 22 (base 8) in base 9?
20
Convert 3 (base 10) to base 12.
3
Convert 118 (base 9) to base 11.
8a
What is -47 (base 11) in base 14?
-39
What is 9 (base 12) in base 4?
21
2a (base 15) to base 4
220
What is -100 (base 3) in base 10?
-9
246 (base 7) to base 14
96
Convert -30 (base 15) to base 14.
-33
2 (base 8) to base 4
2
What is 81 (base 10) in base 15?
56
1 (base 3) to base 7
1
1112 (base 3) to base 8
51
Convert -5 (base 14) to base 12.
-5
Convert -230 (base 4) to base 12.
-38
What is 8 (base 16) in base 12?
8
Convert 11 (base 4) to base 14.
5
Convert 100110 (base 2) to base 3.
1102
3 (base 15) to base 8
3
What is -b (base 14) in base 10?
-11
What is -10 (base 5) in base 10?
-5
-4 (base 11) to base 10
-4
Convert -4c (base 14) to base 3.
-2112
What is -81 (base 15) in base 3?
-11111
What is 122 (base 10) in base 16?
7a
What is -190 (base 10) in base 16?
-be
Convert 120 (base 12) to base 14.
c0
What is -5 (base 14) in base 10?
-5
51 (base 9) to base 15
31
What is 130 (base 13) in base 8?
320
What is -224 (base 5) in base 13?
-4c
Convert -2 (base 11) to base 10.
-2
What is 100010111 (base 2) in base 11?
234
What is 7 (base 12) in base 7?
10
-3 (base 5) to base 12
-3
Convert -21222 (base 3) to base 15.
-e5
What is 108 (base 11) in base 14?
93
What is -31 (base 5) in base 3?
-121
What is -118 (base 12) in base 6?
-432
21 (base 11) to base 5
43
-4 (base 15) to base 11
-4
-1001110 (base 2) to base 8
-116
What is -1 (base 15) in base 14?
-1
-2 (base 7) to base 5
-2
-2 (base 12) to base 15
-2
Convert -9 (base 11) to base 13.
-9
Convert -1010000 (base 2) to base 7.
-143
What is 12 (base 7) in base 15?
9
243 (base 6) to base 13
78
10 (base 4) to base 10
4
-210 (base 6) to base 14
-58
Convert 18 (base 9) to base 12.
15
Convert 4 (base 12) to base 9.
4
Convert -1 (base 5) to base 15.
-1
What is -13 (base 12) in base 15?
-10
What is 14 (base 12) in base 3?
121
Convert 5a (base 12) to base 3.
2121
Convert -12 (base 8) to base 15.
-a
Convert 129 (base 12) to base 10.
177
Convert -112 (base 4) to base 9.
-24
Convert -404 (base 9) to base 4.
-11020
What is 2 (base 13) in base 7?
2
-2 (base 9) to base 3
-2
What is 18 (base 13) in base 7?
30
What is -157 (base 8) in base 4?
-1233
11 (base 9) to base 10
10
95 (base 15) to base 7
260
What is 310 (base 4) in base 7?
103
-1001 (base 2) to base 16
-9
-1 (base 15) to base 2
-1
What is -312 (base 8) in base 9?
-244
What is -2211 (base 4) in base 16?
-a5
What is -3 (base 16) in base 14?
-3
What is 14 (base 15) in base 13?
16
Convert 0 (base 12) to base 10.
0
What is 21 (base 6) in base 8?
15
Convert 2 (base 15) to base 10.
2
What is -a (base 14) in base 3?
-101
-110 (base 2) to base 7
-6
Convert -8a (base 13) to base 10.
-114
111 (base 2) to base 9
7
Convert -34 (base 8) to base 14.
-20
-56 (base 14) to base 5
-301
Convert 2 (base 4) to base 11.
2
Convert 20 (base 5) to base 9.
11
Convert -1 (base 11) to base 7.
-1
Convert 2 (base 7) to base 11.
2
Convert 14 (base 7) to base 15.
b
What is 6 (base 10) in base 3?
20
102 (base 5) to base 7
36
What is -1233 (base 4) in base 2?
-1101111
-2 (base 3) to base 16
-2
What is 5 (base 12) in base 5?
10
Convert -46 (base 9) to base 3.
-1120
What is 11 (base 2) in base 3?
10
Convert a6 (base 12) to base 6.
330
Convert 66 (base 13) to base 15.
59
11 (base 10) to base 9
12
Convert -34 (base 14) to base 9.
-51
What is -44 (base 7) in base 10?
-32
Convert 221 (base 9) to base 2.
10110101
What is 66 (base 14) in base 15?
60
What is -2 (base 3) in base 7?
-2
Convert -10 (base 2) to base 10.
-2
232 (base 4) to base 12
3a
Convert -31 (base 5) to base 8.
-20
Convert 12 (base 11) to base 14.
d
What is -9 (base 16) in base 2?
-1001
What is 2 (base 11) in base 4?
2
What is -13 (base 4) in base 3?
-21
What is -28 (base 14) in base 8?
-44
23 (base 10) to base 13
1a
Convert -5 (base 12) to base 16.
-5
Convert 1 (base 5) to base 10.
1
-120 (base 3) to base 2
-1111
-2 (base 16) to base 6
-2
Convert 18 (base 16) to base 8.
30
Convert -10 (base 8) to base 10.
-8
What is -4 (base 11) in base 7?
-4
-22 (base 9) to base 16
-14
Convert 11110 (base 3) to base 15.
80
13 (base 15) to base 8
22
What is -325 (base 6) in base 15?
-85
Convert -3 (base 15) to base 11.
-3
Convert -313 (base 6) to base 4.
-1311
Convert 6d (base 15) to base 9.
124
-3 (bas